3, 19
Let h = -187 - -485. What are the prime factors of h?
2, 149
Let a = 8939 - 6243. What are the prime factors of a?
2, 337
Let t(q) = -7*q - 3. Let p be t(-1). Suppose 0 = -5*y + 4*s + 778, -p*s + 164 = y - 6. What are the prime factors of y?
2, 79
Let o = 3054 + -1779. What are the prime factors of o?
3, 5, 17
Let c be ((-6)/5)/(9/(-45)). Let f be c/30 - 29/(-5). Suppose 0 = p - f*p + 95. List the prime factors of p.
19
Let f = -252 + 354. Suppose -7*y - f = -424. What are the prime factors of y?
2, 23
Suppose -3*p = 5*w - 4*w - 2377, 4*w - 9593 = 5*p. What are the prime factors of w?
2, 13, 23
Suppose -16176 = -29*z + 5*z. List the prime factors of z.
2, 337
Let u(h) = -26*h + 2. Let a be u(-1). Let y = a - 32. What are the prime factors of (66/y)/(3/(-6))?
3, 11
Let c(w) = 343*w + 6. List the prime factors of c(2).
2, 173
Suppose -4*p - 81 = -t - 0*t, -3*p - 4*t = 37. Suppose -11 = -4*f + 1, 3*h + 93 = f. Let m = p - h. List the prime factors of m.
11
Let t be -10*(5 - (-74)/(-4)). What are the prime factors of 9/(t/(-6)) + (-842)/(-5)?
2, 3, 7
Let t be (1 - 0)/((-3)/3). Let a(v) be the first derivative of 8*v**3/3 + v**2/2 + v + 1. List the prime factors of a(t).
2
Let a = -240 - -649. List the prime factors of a.
409
Let w be (3 + 45/(-6))/(2/(-16)). Suppose 2*p - w = 40. List the prime factors of p.
2, 19
Let k(r) = -19*r - 4. Let l be k(-7). Let q = l + -73. List the prime factors of q.
2, 7
Let d(u) = 21*u + 2. Let a(r) = r**2 + 3*r. Let q be a(-4). Let j be d(q). Suppose -j = -5*c + 4. List the prime factors of c.
2, 3
Suppose 51*m - 252 = 49*m. What are the prime factors of m?
2, 3, 7
Let p = -343 - -1330. What are the prime factors of p?
3, 7, 47
Suppose -5*h = -3*h - 8. Suppose -h*x - 40 + 12 = 0. Let l = x - -11. List the prime factors of l.
2
Suppose -3*a + 5*a + 198 = 0. Let h = 3 - a. List the prime factors of h.
2, 3, 17
Suppose a = 4*m + 1659, -3*a + 4*m + 5004 = m. List the prime factors of a.
3, 557
Let q(u) = 30*u**2 - 14. List the prime factors of q(-6).
2, 13, 41
Let c be 4*(0 - -2) - 3. Let a be 9 + 0*(-3)/9. Suppose -a*v = -c*v - 192. List the prime factors of v.
2, 3
Let w(h) = -h - 2. Let d be w(7). Let p(l) = -14*l + 30. What are the prime factors of p(d)?
2, 3, 13
Let q = 28 - 24. What are the prime factors of ((-111)/(-6))/(2/q)?
37
Let i(m) = 7*m**2 + 30*m - 33. What are the prime factors of i(9)?
2, 3, 67
What are the prime factors of 3647*((-4)/(-49))/((-4)/(-14))?
2, 521
Let i(p) = 1. Let f(m) = -m + 13. Let a(q) = f(q) + 2*i(q). List the prime factors of a(0).
3, 5
Let t(p) = 6*p**2 - 1. Let z be t(-1). Suppose 3*g - 55 = -2*d, z*d - 3*d - 20 = 4*g. What are the prime factors of d?
2, 5
Let y be (3/(-6))/((-2)/40). Let t(c) = -c**2 + 10*c + 6. Let v be t(y). What are the prime factors of (-4)/v*18/(-4)?
3
Let l be ((-18)/(-24))/((-2)/(-8)). Suppose -5*r = l*d - 616, -5*r + 2*r + 5*d + 356 = 0. List the prime factors of r.
2, 61
Let h = 17 + -15. What are the prime factors of (-50 - (-2 + h))*(18 + -20)?
2, 5
Let i(q) be the second derivative of -q**4/6 + 5*q**3/3 + 2*q. Let m be i(8). Let d = -19 - m. What are the prime factors of d?
29
Let n(v) = 25*v**2. Let q be -2*(2 + -1) - -6. Let y be 3/(-9) + q/(-6). What are the prime factors of n(y)?
5
Suppose -2*z + 77 + 7 = 0. Let d = -69 - -153. Let x = d - z. What are the prime factors of x?
2, 3, 7
Suppose j + h - 49 = -12, 12 = -4*h. What are the prime factors of j?
2, 5
Let m = 28 + -47. Let b(k) = -k**3 - 18*k**2 + 18*k - 15. Let u be b(m). Let q = u + 1. What are the prime factors of q?
5
Let a(r) = r**3 - 8*r**2 - r + 18. Let m be a(9). Let t = -16 + m. List the prime factors of t.
2, 37
Suppose 0 = -11*x + 6*x + 14530. What are the prime factors of x?
2, 1453
Suppose -j + 2*w = -3*j - 54, 24 = -j - 4*w. Let z = -26 - j. Suppose 3*d - 10 = z. What are the prime factors of d?
2
Let g(s) = s**3 + 3*s**2 - 3*s - 9. Let n be g(-3). Suppose n*r = r - 244. List the prime factors of r.
2, 61
Suppose -14*v = 4936 - 15786. What are the prime factors of v?
5, 31
Suppose 5*a - 10472 = -2*s - 1298, 3*s + a = 13787. List the prime factors of s.
4597
Suppose m + 2 + 6 = 2*i, -5*m = -i + 22. Let y be 0/i*(-5)/20. Suppose y = 2*g - 4*g + 96. What are the prime factors of g?
2, 3
Let n = -6008 - -9972. List the prime factors of n.
2, 991
Suppose -2*c + 3905 = -7277. List the prime factors of c.
5591
What are the prime factors of (5/((-50)/4))/((-26)/64870)?
2, 499
Let z = 2615 - 1597. List the prime factors of z.
2, 509
Let o be (-788)/(-10) + (-17)/(-85). Let t = o + 88. What are the prime factors of t?
167
Suppose 69 = -5*j + 1234. Let b = -335 + j. What are the prime factors of (-8)/(-32) + b/(-8)?
13
Let l = -6 - -8. Let g be (3/(-9) + 3/(-18))*-6. Suppose 0 = g*v - 112 - l. List the prime factors of v.
2, 19
Suppose 3 + 144 = 7*t. What are the prime factors of t?
3, 7
Let y(k) = k**3 - 21*k**2 - 11*k + 10. What are the prime factors of y(22)?
2, 3, 7
Let k(d) be the first derivative of 170*d**3/3 - d**2 + d + 27. List the prime factors of k(1).
13
Let q be 8/(-36) - (-3058)/(-9). Let i be -3 + -1 - q/17. Suppose i = y - 30. List the prime factors of y.
2, 23
Suppose -h + 142 = 3*b, 2*h = 4*h + 2*b - 268. Let c = -44 + h. What are the prime factors of c?
2, 43
Suppose 29 = 5*d + p, -4*d + 4*p + 10 = -3*d. Let c be -6*(0 - 3/d). What are the prime factors of c/1 - (-6 + -11)?
2, 5
Let j(z) = -z**3 - 9*z**2 - 8*z. Let c be j(-8). Suppose c = 5*l + 2*b - 220 - 60, 2*b = 5*l - 300. List the prime factors of l.
2, 29
Let v = -100 - -159. Let g = v + -39. What are the prime factors of g?
2, 5
Let i(w) = 146*w - 223. What are the prime factors of i(15)?
7, 281
Let k = -165 + 300. Suppose 3*g + 3*n = k, g - n - 39 = -0*n. What are the prime factors of g?
2, 3, 7
Suppose 0 = -180*n + 185*n - 760. What are the prime factors of n?
2, 19
Let k(y) = 2*y + 18. Let l be k(8). Suppose -l + 1942 = 9*a. List the prime factors of a.
2, 53
Let d be (5/(15/99))/(9/54). Suppose d = 3*k - 159. What are the prime factors of k?
7, 17
List the prime factors of ((-343)/(-21) - 7)*138.
2, 7, 23
List the prime factors of ((-16)/24)/((-2)/3) - -2174.
3, 5, 29
Let w(m) = m + 15. Let d(q) = q**3 - 6*q**2 + q - 6. Let f be d(6). Let v be w(f). Suppose 3*g - 12 = v. What are the prime factors of g?
3
Let h be (-10)/(-6)*(-48)/(-40). Suppose -24 + 100 = -h*b. What are the prime factors of (-13 + 8)*b/5?
2, 19
Suppose -19*o - 10012 = -21*o - 3*f, 15013 = 3*o + 2*f. List the prime factors of o.
5003
Let g(d) = d**2 - 16*d - 4. Let l be g(11). Let q = 91 - l. Suppose q = 6*h - h. List the prime factors of h.
2, 3, 5
Let y(i) = 5*i + 4. Let q(f) = 9*f + 8. Let u(g) = -6*q(g) + 11*y(g). What are the prime factors of u(7)?
3
Let c(d) = -d**2 - 2*d - 1. Let l be c(-2). Let g be 82/6 + (-10)/15. Let s = l + g. List the prime factors of s.
2, 3
Let v = 30 - 28. Suppose -3*t - i + 538 = -v*i, 2*i = 4*t - 716. List the prime factors of t.
2, 3, 5
Let x = 165 + -50. Suppose -7*v + 200 = -x. What are the prime factors of v?
3, 5
Let a = -458 + 1104. List the prime factors of a.
2, 17, 19
Let j be 2 - (0 - (2 - 2)). Suppose 7 = 5*d - m - j, -4*d - m + 9 = 0. List the prime factors of (3/d)/(24/176).
11
Let t = 513 - -439. Suppose 10*y - t = -92. List the prime factors of y.
2, 43
Let d = -1367 - -2251. List the prime factors of d.
2, 13, 17
Suppose -o - 6*p + 9 = -p, 3*p - 15 = -3*o. What are the prime factors of o/14 - (-3)/(42/850)?
61
Let j = -221 + 455. Let i = -6 + j. What are the prime factors of i?
2, 3, 19
Let j = 1200 - 663. What are the prime factors of j?
3, 179
Let s(c) be the third derivative of c**5/60 - c**4/12 - c**3/2 - 5*c**2. Let j be s(-4). Suppose -7*t + 4*t = -j. List the prime factors of t.
7
Let h be ((-1)/2)/((-1)/(-8)). Let p(m) = m**3 + 2*m**2 - 2*m + 2. Let c(w) = 1. Let v(a) = 3*c(a) - p(a). List the prime factors of v(h).
5
Let y(r) = -r**3 - 3*r**2 - 8*r. Suppose -3*b - 20 = 2*q, q + 20 = -4*q. What are the prime factors of y(b)?
2, 3
Let f(i) = 18*i**3 - 5*i**2 - 3*i - 1. What are the prime factors of f(3)?
431
Suppose -m - c + 3330 = -267, 2*m + 4*c = 7184. What are the prime factors of m?
2, 1801
Let q be 1278/12*4/6. Let k = q + -41. List the prime factors of k.
2, 3, 5
Le